{"id":178,"date":"2019-02-07T15:30:17","date_gmt":"2019-02-07T14:30:17","guid":{"rendered":"https:\/\/2019.nis.wordcamp.org\/?page_id=178"},"modified":"2019-05-14T17:11:26","modified_gmt":"2019-05-14T15:11:26","slug":"karte","status":"publish","type":"page","link":"https:\/\/nis.wordcamp.org\/2019\/karte\/","title":{"rendered":"Karte"},"content":{"rendered":"\n<p><\/p>\n\n\n\n<p>Kupovinom karte za prvi WordCam Ni\u0161 obezbedi\u0107ete pristup konferenciji, \u017eurci i mesto na radionici na kojoj \u0107emo svi doprineti WordPress zajednici kroz programiranje (prijava \u0107e biti naknadno objavljena), a koja je planirana za 19. maj. Tako\u0111e dobijate: ru\u010dak, poklone, kafu i grickalice tokom trajanja doga\u0111aja. <\/p>\n\n\n\n<p>Ukoliko sakupljate WordCamp majice, doda\u0107ete jo\u0161 jednu, #WCNis, za svoju  kolekciju. <\/p>\n\n\n\n<h3 class=\"wp-block-heading\">Prava vrednost karte<\/h3>\n\n\n\n<p>Cena standardnih karata je daleko ni\u017ea od stvarne vrednosti posete ovakvom doga\u0111aju, ali je odre\u0111en ovaj iznos jer je na\u0161 cilj da u\u010dinimo WordCamp Ni\u0161 pristupa\u010dnim za sve.<\/p>\n\n\n\n<p>Zahvaljuju\u0107i na\u0161im<a href=\"https:\/\/2019.nis.wordcamp.org\/sponzori\/\"> sponzorima<\/a> koji dopunjuju razliku u ceni, \u017eelimo da organizujemo WordCamp Ni\u0161 na visokom nivou i zato im se zahvaljujemo na podr\u0161ci.<\/p>\n\n\n\n<h3 class=\"wp-block-heading\">Poslednja serija karata<\/h3>\n\n\n\n<p>Ovo je poslednja serija karata. Sva ostala mesta za konferenciju u Ni\u0161u su rasprodata. Po\u017eurite i na vreme obezbedite svoju kartu.<\/p>\n\n\n<a href=\"https:\/\/nis.wordcamp.org\/2019\/karte\/\">Please view this page in a browser to purchase or manage tickets.<\/a>\n\n\n<p>Svi u\u010desnici konferencije imaju pravo na jednak tretman i po\u0161tovanje, pa samom kupovinom karte vi prihvatate i sla\u017eete se sa <a href=\"https:\/\/2019.nis.wordcamp.org\/kodeks-ponasanja\/\">kodeksom pona\u0161anja<\/a>.<\/p>\n\n\n\n<p>Karte ne mogu da se refundiraju. Ukoliko niste u mogu\u0107nosti da pristustvujete konferenciji, a kupili ste kartu, mo\u017eete promeniti detalje u\u010desnika na linku koji ste dobili na email nakon kupovine.<\/p>\n\n\n\n<hr class=\"wp-block-separator is-style-wide\" \/>\n\n\n\n<p style=\"text-align:left\"><a href=\"https:\/\/2019.nis.wordcamp.org\/tickets\/\" class=\"wcnis-translation-link\">Check English version<\/a><\/p>\n","protected":false},"excerpt":{"rendered":"<p>Kupovinom karte za prvi WordCam Ni\u0161 obezbedi\u0107ete pristup konferenciji, \u017eurci i mesto na radionici na kojoj \u0107emo svi doprineti WordPress zajednici kroz programiranje (prijava \u0107e biti naknadno objavljena), a koja je planirana za 19. maj. Tako\u0111e dobijate: ru\u010dak, poklone, kafu i grickalice tokom trajanja doga\u0111aja. Ukoliko sakupljate WordCamp majice, doda\u0107ete jo\u0161 jednu, #WCNis, za svoju [&hellip;]<\/p>\n","protected":false},"author":14101731,"featured_media":1079,"parent":0,"menu_order":0,"comment_status":"closed","ping_status":"closed","template":"","meta":{"jetpack_post_was_ever_published":false,"footnotes":""},"class_list":["post-178","page","type-page","status-publish","has-post-thumbnail","hentry"],"jetpack_sharing_enabled":true,"jetpack_shortlink":"https:\/\/wp.me\/Paxzx7-2S","_links":{"self":[{"href":"https:\/\/nis.wordcamp.org\/2019\/wp-json\/wp\/v2\/pages\/178","targetHints":{"allow":["GET"]}}],"collection":[{"href":"https:\/\/nis.wordcamp.org\/2019\/wp-json\/wp\/v2\/pages"}],"about":[{"href":"https:\/\/nis.wordcamp.org\/2019\/wp-json\/wp\/v2\/types\/page"}],"author":[{"embeddable":true,"href":"https:\/\/nis.wordcamp.org\/2019\/wp-json\/wp\/v2\/users\/14101731"}],"replies":[{"embeddable":true,"href":"https:\/\/nis.wordcamp.org\/2019\/wp-json\/wp\/v2\/comments?post=178"}],"version-history":[{"count":18,"href":"https:\/\/nis.wordcamp.org\/2019\/wp-json\/wp\/v2\/pages\/178\/revisions"}],"predecessor-version":[{"id":2763,"href":"https:\/\/nis.wordcamp.org\/2019\/wp-json\/wp\/v2\/pages\/178\/revisions\/2763"}],"wp:featuredmedia":[{"embeddable":true,"href":"https:\/\/nis.wordcamp.org\/2019\/wp-json\/wp\/v2\/media\/1079"}],"wp:attachment":[{"href":"https:\/\/nis.wordcamp.org\/2019\/wp-json\/wp\/v2\/media?parent=178"}],"curies":[{"name":"wp","href":"https:\/\/api.w.org\/{rel}","templated":true}]}}