{"id":1870,"date":"2019-04-16T09:49:31","date_gmt":"2019-04-16T07:49:31","guid":{"rendered":"https:\/\/2019.nis.wordcamp.org\/?page_id=1870"},"modified":"2019-04-23T20:38:24","modified_gmt":"2019-04-23T18:38:24","slug":"devrix","status":"publish","type":"page","link":"https:\/\/nis.wordcamp.org\/2019\/sponzori\/devrix\/","title":{"rendered":"DevriX"},"content":{"rendered":"\n<div class=\"clearfix\" style=\"padding: 2rem;0\"><\/div>\n\n\n\n<figure class=\"wp-block-image is-resized\"><img loading=\"lazy\" decoding=\"async\" src=\"https:\/\/2019.nis.wordcamp.org\/files\/2019\/04\/devrix.png\" alt=\"\" class=\"wp-image-1867\" width=\"308\" height=\"123\" srcset=\"https:\/\/nis.wordcamp.org\/2019\/files\/2019\/04\/devrix.png 359w, https:\/\/nis.wordcamp.org\/2019\/files\/2019\/04\/devrix-300x119.png 300w\" sizes=\"auto, (max-width: 308px) 100vw, 308px\" \/><\/figure>\n\n\n\n<p class=\"wp-block-paragraph\"><a href=\"https:\/\/devrix.com\/\" rel=\"nofollow\">DevriX<\/a> je vode\u0107a agencija za razvoj Vordpresa, osnovana 2010. godine. Tim od 40+ ljudi nalazi se u Sofiji, u Bugarskoj, odakle planira razvoj i savetuje mala i srednja preduze\u0107a, brzorastu\u0107e startapove i izdava\u010de sa milionskim posetama mese\u010dno.<br><\/p>\n\n\n\n<p class=\"wp-block-paragraph\">DevriX zapo\u0161ljava devet WordPress Core saradnika i podr\u017eava ekosistem od prvog dana. Zala\u017eemo se za open source re\u0161enja, u\u010dimo entuzijaste o unapre\u0111enju Vordpresa i uvodimo inovacije u SaaS aplikacije, prilago\u0111ene alate za pra\u0107enje, CRM re\u0161enja i jo\u0161 mnogo toga.<br><\/p>\n\n\n\n<p style=\"text-align:left\"><a href=\"https:\/\/2019.nis.wordcamp.org\/sponsor\/devrix\/\" style=\"font-weight: 300\">Check English version<\/a><\/p>\n","protected":false},"excerpt":{"rendered":"<p>DevriX je vode\u0107a agencija za razvoj Vordpresa, osnovana 2010. godine. Tim od 40+ ljudi nalazi se u Sofiji, u Bugarskoj, odakle planira razvoj i savetuje mala i srednja preduze\u0107a, brzorastu\u0107e startapove i izdava\u010de sa milionskim posetama mese\u010dno. DevriX zapo\u0161ljava devet WordPress Core saradnika i podr\u017eava ekosistem od prvog dana. Zala\u017eemo se za open source re\u0161enja, [&hellip;]<\/p>\n","protected":false},"author":15181624,"featured_media":0,"parent":564,"menu_order":0,"comment_status":"closed","ping_status":"closed","template":"","meta":{"_crdt_document":"","jetpack_post_was_ever_published":false,"footnotes":""},"class_list":["post-1870","page","type-page","status-publish","hentry"],"jetpack_sharing_enabled":true,"jetpack_shortlink":"https:\/\/wp.me\/Paxzx7-ua","_links":{"self":[{"href":"https:\/\/nis.wordcamp.org\/2019\/wp-json\/wp\/v2\/pages\/1870","targetHints":{"allow":["GET"]}}],"collection":[{"href":"https:\/\/nis.wordcamp.org\/2019\/wp-json\/wp\/v2\/pages"}],"about":[{"href":"https:\/\/nis.wordcamp.org\/2019\/wp-json\/wp\/v2\/types\/page"}],"author":[{"embeddable":true,"href":"https:\/\/nis.wordcamp.org\/2019\/wp-json\/wp\/v2\/users\/15181624"}],"replies":[{"embeddable":true,"href":"https:\/\/nis.wordcamp.org\/2019\/wp-json\/wp\/v2\/comments?post=1870"}],"version-history":[{"count":2,"href":"https:\/\/nis.wordcamp.org\/2019\/wp-json\/wp\/v2\/pages\/1870\/revisions"}],"predecessor-version":[{"id":2069,"href":"https:\/\/nis.wordcamp.org\/2019\/wp-json\/wp\/v2\/pages\/1870\/revisions\/2069"}],"up":[{"embeddable":true,"href":"https:\/\/nis.wordcamp.org\/2019\/wp-json\/wp\/v2\/pages\/564"}],"wp:attachment":[{"href":"https:\/\/nis.wordcamp.org\/2019\/wp-json\/wp\/v2\/media?parent=1870"}],"curies":[{"name":"wp","href":"https:\/\/api.w.org\/{rel}","templated":true}]}}