{"id":629,"date":"2019-02-18T18:12:11","date_gmt":"2019-02-18T17:12:11","guid":{"rendered":"https:\/\/2019.nis.wordcamp.org\/?page_id=629"},"modified":"2019-03-12T09:47:36","modified_gmt":"2019-03-12T08:47:36","slug":"jetpack","status":"publish","type":"page","link":"https:\/\/nis.wordcamp.org\/2019\/sponzori\/jetpack\/","title":{"rendered":"Jetpack"},"content":{"rendered":"\n<div class=\"clearfix\" style=\"padding: 2rem;0\"><\/div>\n\n\n\n<figure class=\"wp-block-image\"><img loading=\"lazy\" decoding=\"async\" width=\"545\" height=\"150\" src=\"https:\/\/2019.nis.wordcamp.org\/files\/2018\/11\/Jetpack_Horizontal_RGB-1.png\" alt=\"\" class=\"wp-image-23\" srcset=\"https:\/\/nis.wordcamp.org\/2019\/files\/2018\/11\/Jetpack_Horizontal_RGB-1.png 545w, https:\/\/nis.wordcamp.org\/2019\/files\/2018\/11\/Jetpack_Horizontal_RGB-1-300x83.png 300w, https:\/\/nis.wordcamp.org\/2019\/files\/2018\/11\/Jetpack_Horizontal_RGB-1-500x138.png 500w\" sizes=\"auto, (max-width: 545px) 100vw, 545px\" \/><\/figure>\n\n\n<p>Promenite na\u010din kontrole va\u0161ih WordPress sajtova. <a href=\"https:\/\/jetpack.com\/\" target=\"_blank\" rel=\"noopener noreferrer nofollow\">Jetpack<\/a> povezuje va\u0161 sajt sa globalnim servisima, zajednicom i podr\u0161kom koju pru\u017ea WordPress.com tako da mo\u017eete da se fokusirate na bitne stvari.<\/p>\n<p>Jetpack automatski \u0161titi va\u0161 sajt od ne\u017eeljenih spamera, hakera i malvera, dok sinhronizacija u realnom vremenu i rezervne kopije ozna\u010davaju da ne morate da brinete o gubitku podataka. Jednostavni alati, poma\u017eu vam da privu\u010dete pa\u017enju \u010ditalaca i ma\u0161ina za pretragu.<\/p>\n<p>Sa Jetpack-ovim Affiliate programom mo\u017eete zaraditi 20% za svaku prodaju Jetpack-a va\u0161im klijentima, pa rezultati zavise samo od vas.<\/p>\n<p>U\u010dinite da va\u0161 sajt radi za vas. <a href=\"https:\/\/jetpack.com\/pricing\/\" target=\"_blank\" rel=\"noopener noreferrer nofollow\">Preuzmite svoj Jetpack<\/a> jo\u0161 danas.<\/p>\n\n\n<hr class=\"wp-block-separator is-style-wide\" \/>\n\n\n\n<p style=\"text-align:left\"><a href=\"https:\/\/2019.nis.wordcamp.org\/sponsor\/jetpack\/\" class=\"wcnis-translation-link\">Check English version<\/a><\/p>\n","protected":false},"excerpt":{"rendered":"<p>Promenite na\u010din kontrole va\u0161ih WordPress sajtova. Jetpack povezuje va\u0161 sajt sa globalnim servisima, zajednicom i podr\u0161kom koju pru\u017ea WordPress.com tako da mo\u017eete da se fokusirate na bitne stvari. Jetpack automatski \u0161titi va\u0161 sajt od ne\u017eeljenih spamera, hakera i malvera, dok sinhronizacija u realnom vremenu i rezervne kopije ozna\u010davaju da ne morate da brinete o gubitku [&hellip;]<\/p>\n","protected":false},"author":14101731,"featured_media":23,"parent":564,"menu_order":0,"comment_status":"closed","ping_status":"closed","template":"","meta":{"_crdt_document":"","jetpack_post_was_ever_published":false,"footnotes":""},"class_list":["post-629","page","type-page","status-publish","has-post-thumbnail","hentry"],"jetpack_sharing_enabled":true,"jetpack_shortlink":"https:\/\/wp.me\/Paxzx7-a9","_links":{"self":[{"href":"https:\/\/nis.wordcamp.org\/2019\/wp-json\/wp\/v2\/pages\/629","targetHints":{"allow":["GET"]}}],"collection":[{"href":"https:\/\/nis.wordcamp.org\/2019\/wp-json\/wp\/v2\/pages"}],"about":[{"href":"https:\/\/nis.wordcamp.org\/2019\/wp-json\/wp\/v2\/types\/page"}],"author":[{"embeddable":true,"href":"https:\/\/nis.wordcamp.org\/2019\/wp-json\/wp\/v2\/users\/14101731"}],"replies":[{"embeddable":true,"href":"https:\/\/nis.wordcamp.org\/2019\/wp-json\/wp\/v2\/comments?post=629"}],"version-history":[{"count":4,"href":"https:\/\/nis.wordcamp.org\/2019\/wp-json\/wp\/v2\/pages\/629\/revisions"}],"predecessor-version":[{"id":1054,"href":"https:\/\/nis.wordcamp.org\/2019\/wp-json\/wp\/v2\/pages\/629\/revisions\/1054"}],"up":[{"embeddable":true,"href":"https:\/\/nis.wordcamp.org\/2019\/wp-json\/wp\/v2\/pages\/564"}],"wp:featuredmedia":[{"embeddable":true,"href":"https:\/\/nis.wordcamp.org\/2019\/wp-json\/wp\/v2\/media\/23"}],"wp:attachment":[{"href":"https:\/\/nis.wordcamp.org\/2019\/wp-json\/wp\/v2\/media?parent=629"}],"curies":[{"name":"wp","href":"https:\/\/api.w.org\/{rel}","templated":true}]}}