{"id":635,"date":"2019-02-18T18:14:40","date_gmt":"2019-02-18T17:14:40","guid":{"rendered":"https:\/\/2019.nis.wordcamp.org\/?page_id=635"},"modified":"2019-05-06T13:38:41","modified_gmt":"2019-05-06T11:38:41","slug":"godaddy","status":"publish","type":"page","link":"https:\/\/nis.wordcamp.org\/2019\/sponzori\/godaddy\/","title":{"rendered":"GoDaddy"},"content":{"rendered":"\n<div class=\"clearfix\" style=\"padding: 2rem;0\"><\/div>\n\n\n\n<figure class=\"wp-block-image\"><img loading=\"lazy\" decoding=\"async\" width=\"892\" height=\"291\" src=\"https:\/\/2019.nis.wordcamp.org\/files\/2019\/05\/Godaddy-logo-1.jpg\" alt=\"\" class=\"wp-image-2423\" srcset=\"https:\/\/nis.wordcamp.org\/2019\/files\/2019\/05\/Godaddy-logo-1.jpg 892w, https:\/\/nis.wordcamp.org\/2019\/files\/2019\/05\/Godaddy-logo-1-300x98.jpg 300w, https:\/\/nis.wordcamp.org\/2019\/files\/2019\/05\/Godaddy-logo-1-768x251.jpg 768w, https:\/\/nis.wordcamp.org\/2019\/files\/2019\/05\/Godaddy-logo-1-500x163.jpg 500w\" sizes=\"auto, (max-width: 892px) 100vw, 892px\" \/><\/figure>\n\n\n<p>Sa 18 i po miliona korisnika \u0161irom sveta i preko 75 miliona domena kojima upravlja, <a href=\"https:\/\/www.godaddy.com\" rel=\"nofollow\">GoDaddy<\/a> je najve\u0107i svetski registar domena jedna od najve\u0107ih svetskih hosting kompanija. GoDaddy je i najve\u0107i WordPress hosting provajder na svetu.<\/p>\n<p>GoDaddy u Beogradu nastao je kao rezultat jedne od najpoznatijih doma\u0107ih IT akvizicija. Ekspertiza koju razvijamo u Beogradu je potpuno razumevanje WordPress tr\u017ei\u0161ta, WordPress hostinga i stvaranje vrhunskih proizvoda i servisa.<\/p>\n<p>Na\u0161im lokalnim timovima koji svakodnevno rastu nudimo odli\u010dne uslove za rad. Vi\u0161e informacija na\u00a0<a href=\"http:\/\/gddy.co\/rsJobs\" target=\"_blank\" rel=\"nofollow noopener noreferrer\">gddy.co\/rsJobs<\/a>\u202f<\/p>\n\n\n<hr class=\"wp-block-separator is-style-wide\" \/>\n\n\n\n<p style=\"text-align:left\"><a href=\"https:\/\/2019.nis.wordcamp.org\/sponsor\/godaddy\/\" class=\"wcnis-translation-link\">Check English version<\/a><\/p>\n","protected":false},"excerpt":{"rendered":"<p>Sa 18 i po miliona korisnika \u0161irom sveta i preko 75 miliona domena kojima upravlja, GoDaddy je najve\u0107i svetski registar domena jedna od najve\u0107ih svetskih hosting kompanija. GoDaddy je i najve\u0107i WordPress hosting provajder na svetu. GoDaddy u Beogradu nastao je kao rezultat jedne od najpoznatijih doma\u0107ih IT akvizicija. Ekspertiza koju razvijamo u Beogradu je [&hellip;]<\/p>\n","protected":false},"author":14101731,"featured_media":25,"parent":564,"menu_order":0,"comment_status":"closed","ping_status":"closed","template":"","meta":{"jetpack_post_was_ever_published":false,"footnotes":""},"class_list":["post-635","page","type-page","status-publish","has-post-thumbnail","hentry"],"jetpack_sharing_enabled":true,"jetpack_shortlink":"https:\/\/wp.me\/Paxzx7-af","_links":{"self":[{"href":"https:\/\/nis.wordcamp.org\/2019\/wp-json\/wp\/v2\/pages\/635","targetHints":{"allow":["GET"]}}],"collection":[{"href":"https:\/\/nis.wordcamp.org\/2019\/wp-json\/wp\/v2\/pages"}],"about":[{"href":"https:\/\/nis.wordcamp.org\/2019\/wp-json\/wp\/v2\/types\/page"}],"author":[{"embeddable":true,"href":"https:\/\/nis.wordcamp.org\/2019\/wp-json\/wp\/v2\/users\/14101731"}],"replies":[{"embeddable":true,"href":"https:\/\/nis.wordcamp.org\/2019\/wp-json\/wp\/v2\/comments?post=635"}],"version-history":[{"count":6,"href":"https:\/\/nis.wordcamp.org\/2019\/wp-json\/wp\/v2\/pages\/635\/revisions"}],"predecessor-version":[{"id":2424,"href":"https:\/\/nis.wordcamp.org\/2019\/wp-json\/wp\/v2\/pages\/635\/revisions\/2424"}],"up":[{"embeddable":true,"href":"https:\/\/nis.wordcamp.org\/2019\/wp-json\/wp\/v2\/pages\/564"}],"wp:featuredmedia":[{"embeddable":true,"href":"https:\/\/nis.wordcamp.org\/2019\/wp-json\/wp\/v2\/media\/25"}],"wp:attachment":[{"href":"https:\/\/nis.wordcamp.org\/2019\/wp-json\/wp\/v2\/media?parent=635"}],"curies":[{"name":"wp","href":"https:\/\/api.w.org\/{rel}","templated":true}]}}