{"id":737,"date":"2019-02-20T17:33:23","date_gmt":"2019-02-20T16:33:23","guid":{"rendered":"https:\/\/2019.nis.wordcamp.org\/?page_id=737"},"modified":"2019-04-16T11:19:10","modified_gmt":"2019-04-16T09:19:10","slug":"medija","status":"publish","type":"page","link":"https:\/\/nis.wordcamp.org\/2019\/medija\/","title":{"rendered":"Medija"},"content":{"rendered":"\n<p>Ukoliko vam treba zvani\u010dan WordPress Ni\u0161 logo, grafik ili drugi materijal, na pravom ste mestu. <\/p>\n\n\n\n<div class=\"clearfix\" style=\"padding: 2rem;0\"><\/div>\n\n\n\n<div class=\"wp-block-media-text alignwide\"><figure class=\"wp-block-media-text__media\"><img loading=\"lazy\" decoding=\"async\" width=\"250\" height=\"250\" src=\"https:\/\/2019.nis.wordcamp.org\/files\/2019\/02\/wcnis-logo-black.png\" alt=\"\" class=\"wp-image-740\" srcset=\"https:\/\/nis.wordcamp.org\/2019\/files\/2019\/02\/wcnis-logo-black.png 250w, https:\/\/nis.wordcamp.org\/2019\/files\/2019\/02\/wcnis-logo-black-150x150.png 150w\" sizes=\"auto, (max-width: 250px) 100vw, 250px\" \/><\/figure><div class=\"wp-block-media-text__content\">\n<h3 class=\"wp-block-heading\">Logo<\/h3>\n\n\n\n<p><\/p>\n\n\n\n<p><a href=\"https:\/\/2019.nis.wordcamp.org\/files\/2019\/02\/wcnis-media-download-logo-white-250x250.png\" target=\"_blank\" rel=\"noreferrer noopener\" aria-label=\" (opens in a new tab)\">(PNG) White 250&#215;250<\/a><\/p>\n\n\n\n<p><a href=\"https:\/\/2019.nis.wordcamp.org\/files\/2019\/02\/wcnis-media-download-logo-black-250x250.png\" target=\"_blank\" rel=\"noreferrer noopener\" aria-label=\" (opens in a new tab)\">(PNG) Black 250&#215;250<\/a><\/p>\n\n\n\n<p><a href=\"https:\/\/2019.nis.wordcamp.org\/files\/2019\/02\/wcnis-media-download-logo-both.pdf\" target=\"_blank\" rel=\"noreferrer noopener\" aria-label=\" (opens in a new tab)\">(PDF) Both<\/a><\/p>\n<\/div><\/div>\n\n\n\n<div class=\"clearfix\" style=\"padding: 2rem;0\"><\/div>\n\n\n\n<div class=\"wp-block-media-text alignwide\"><figure class=\"wp-block-media-text__media\"><img loading=\"lazy\" decoding=\"async\" width=\"1024\" height=\"576\" src=\"https:\/\/2019.nis.wordcamp.org\/files\/2019\/02\/wcnis-media-download-featured-image-1024x576.jpg\" alt=\"\" class=\"wp-image-748\" srcset=\"https:\/\/nis.wordcamp.org\/2019\/files\/2019\/02\/wcnis-media-download-featured-image-1024x576.jpg 1024w, https:\/\/nis.wordcamp.org\/2019\/files\/2019\/02\/wcnis-media-download-featured-image-300x169.jpg 300w, https:\/\/nis.wordcamp.org\/2019\/files\/2019\/02\/wcnis-media-download-featured-image-768x432.jpg 768w, https:\/\/nis.wordcamp.org\/2019\/files\/2019\/02\/wcnis-media-download-featured-image-500x281.jpg 500w, https:\/\/nis.wordcamp.org\/2019\/files\/2019\/02\/wcnis-media-download-featured-image.jpg 1920w\" sizes=\"auto, (max-width: 1024px) 100vw, 1024px\" \/><\/figure><div class=\"wp-block-media-text__content\">\n<h3 class=\"wp-block-heading\">WCNis slika<\/h3>\n\n\n\n<p><\/p>\n\n\n\n<p><a href=\"https:\/\/2019.nis.wordcamp.org\/files\/2019\/02\/wcnis-media-download-featured-image.jpg\" target=\"_blank\" rel=\"noreferrer noopener\" aria-label=\" (opens in a new tab)\">(JPG) WCNis 1920&#215;1080<\/a><\/p>\n<\/div><\/div>\n\n\n\n<div class=\"clearfix\" style=\"padding: 2rem;0\"><\/div>\n\n\n\n<div class=\"wp-block-media-text alignwide\"><figure class=\"wp-block-media-text__media\"><img loading=\"lazy\" decoding=\"async\" width=\"640\" height=\"167\" src=\"https:\/\/2019.nis.wordcamp.org\/files\/2019\/02\/wcnis-media-download-baner-640x167.jpg\" alt=\"\" class=\"wp-image-753\" srcset=\"https:\/\/nis.wordcamp.org\/2019\/files\/2019\/02\/wcnis-media-download-baner-640x167.jpg 640w, https:\/\/nis.wordcamp.org\/2019\/files\/2019\/02\/wcnis-media-download-baner-640x167-300x78.jpg 300w, https:\/\/nis.wordcamp.org\/2019\/files\/2019\/02\/wcnis-media-download-baner-640x167-500x130.jpg 500w\" sizes=\"auto, (max-width: 640px) 100vw, 640px\" \/><\/figure><div class=\"wp-block-media-text__content\">\n<h3 class=\"wp-block-heading\">Baner<\/h3>\n\n\n\n<p><\/p>\n\n\n\n<p><a href=\"https:\/\/2019.nis.wordcamp.org\/files\/2019\/02\/wcnis-media-download-baner-640x167.jpg\" target=\"_blank\" rel=\"noreferrer noopener\" aria-label=\" (opens in a new tab)\">(JPG) Baner 640&#215;167<\/a><\/p>\n\n\n\n<p><a href=\"https:\/\/2019.nis.wordcamp.org\/files\/2019\/02\/wcnis-media-download-baner-2048x533.jpg\" target=\"_blank\" rel=\"noreferrer noopener\" aria-label=\" (opens in a new tab)\">(JPG) Baner 2048&#215;533<\/a><\/p>\n\n\n\n<p><a href=\"https:\/\/2019.nis.wordcamp.org\/files\/2019\/02\/wcnis-media-download-baner-3840x1000.jpg\" target=\"_blank\" rel=\"noreferrer noopener\" aria-label=\" (opens in a new tab)\">(JPG) Baner 3840&#215;1000<\/a><\/p>\n<\/div><\/div>\n\n\n\n<div class=\"clearfix\" style=\"padding: 2rem;0\"><\/div>\n\n\n\n<div class=\"wp-block-media-text alignwide\"><figure class=\"wp-block-media-text__media\"><img loading=\"lazy\" decoding=\"async\" width=\"845\" height=\"202\" src=\"https:\/\/2019.nis.wordcamp.org\/files\/2019\/04\/wcnis-media-bedzevi.jpg\" alt=\"\" class=\"wp-image-1900\" srcset=\"https:\/\/nis.wordcamp.org\/2019\/files\/2019\/04\/wcnis-media-bedzevi.jpg 845w, https:\/\/nis.wordcamp.org\/2019\/files\/2019\/04\/wcnis-media-bedzevi-300x72.jpg 300w, https:\/\/nis.wordcamp.org\/2019\/files\/2019\/04\/wcnis-media-bedzevi-768x184.jpg 768w, https:\/\/nis.wordcamp.org\/2019\/files\/2019\/04\/wcnis-media-bedzevi-500x120.jpg 500w\" sizes=\"auto, (max-width: 845px) 100vw, 845px\" \/><\/figure><div class=\"wp-block-media-text__content\">\n<h3 class=\"wp-block-heading\">Bed\u017eevi<\/h3>\n\n\n\n<p><\/p>\n\n\n\n<p><a rel=\"noreferrer noopener\" aria-label=\"(PNG) Ja prisustvujem (opens in a new tab)\" href=\"https:\/\/2019.nis.wordcamp.org\/files\/2019\/04\/wcnis-bedz-prisustvujem.png\" target=\"_blank\">(PNG) Ja prisustvujem 600&#215;600<\/a><\/p>\n\n\n\n<p><a href=\"https:\/\/2019.nis.wordcamp.org\/files\/2019\/04\/wcnis-bedz-ja-govorim.png\" target=\"_blank\" rel=\"noreferrer noopener\" aria-label=\" (opens in a new tab)\">(PNG) Ja govorim 600&#215;600<\/a><\/p>\n\n\n\n<p><a rel=\"noreferrer noopener\" aria-label=\"(PNG) Mi sponzori\u0161emo (opens in a new tab)\" href=\"https:\/\/2019.nis.wordcamp.org\/files\/2019\/04\/wcnis-bedz-mi-sponzorisemo.png\" target=\"_blank\">(PNG) Mi sponzori\u0161emo 600&#215;600<\/a><\/p>\n\n\n\n<p><a rel=\"noreferrer noopener\" aria-label=\"(PNG) Mi poma\u017eemo (opens in a new tab)\" href=\"https:\/\/2019.nis.wordcamp.org\/files\/2019\/04\/wcnis-bedz-mi-pomazemo.png\" target=\"_blank\">(PNG) Mi poma\u017eemo 600&#215;600<\/a><\/p>\n\n\n\n<p><a rel=\"noreferrer noopener\" aria-label=\" (opens in a new tab)\" href=\"https:\/\/2019.nis.wordcamp.org\/files\/2019\/04\/wcnis-bedz-mi-podrzavamo.png\" target=\"_blank\">(PNG) Mi podr\u017eavamo 600&#215;600<\/a><\/p>\n\n\n\n<p><a href=\"https:\/\/2019.nis.wordcamp.org\/files\/2019\/04\/wcnis-bedz-ja-organizujem.png\" target=\"_blank\" rel=\"noreferrer noopener\" aria-label=\" (opens in a new tab)\">(PNG) Ja organizujem 600&#215;600<\/a><\/p>\n<\/div><\/div>\n\n\n\n<hr class=\"wp-block-separator is-style-wide\" \/>\n\n\n\n<p style=\"text-align:left\"><a href=\"https:\/\/2019.nis.wordcamp.org\/media\/\" class=\"wcnis-translation-link\">Check English version<\/a><\/p>\n","protected":false},"excerpt":{"rendered":"<p>Ukoliko vam treba zvani\u010dan WordPress Ni\u0161 logo, grafik ili drugi materijal, na pravom ste mestu. Logo (PNG) White 250&#215;250 (PNG) Black 250&#215;250 (PDF) Both WCNis slika (JPG) WCNis 1920&#215;1080 Baner (JPG) Baner 640&#215;167 (JPG) Baner 2048&#215;533 (JPG) Baner 3840&#215;1000 Bed\u017eevi (PNG) Ja prisustvujem 600&#215;600 (PNG) Ja govorim 600&#215;600 (PNG) Mi sponzori\u0161emo 600&#215;600 (PNG) Mi poma\u017eemo [&hellip;]<\/p>\n","protected":false},"author":14101731,"featured_media":738,"parent":0,"menu_order":0,"comment_status":"closed","ping_status":"closed","template":"","meta":{"jetpack_post_was_ever_published":false,"footnotes":""},"class_list":["post-737","page","type-page","status-publish","has-post-thumbnail","hentry"],"jetpack_sharing_enabled":true,"jetpack_shortlink":"https:\/\/wp.me\/Paxzx7-bT","_links":{"self":[{"href":"https:\/\/nis.wordcamp.org\/2019\/wp-json\/wp\/v2\/pages\/737","targetHints":{"allow":["GET"]}}],"collection":[{"href":"https:\/\/nis.wordcamp.org\/2019\/wp-json\/wp\/v2\/pages"}],"about":[{"href":"https:\/\/nis.wordcamp.org\/2019\/wp-json\/wp\/v2\/types\/page"}],"author":[{"embeddable":true,"href":"https:\/\/nis.wordcamp.org\/2019\/wp-json\/wp\/v2\/users\/14101731"}],"replies":[{"embeddable":true,"href":"https:\/\/nis.wordcamp.org\/2019\/wp-json\/wp\/v2\/comments?post=737"}],"version-history":[{"count":13,"href":"https:\/\/nis.wordcamp.org\/2019\/wp-json\/wp\/v2\/pages\/737\/revisions"}],"predecessor-version":[{"id":1907,"href":"https:\/\/nis.wordcamp.org\/2019\/wp-json\/wp\/v2\/pages\/737\/revisions\/1907"}],"wp:featuredmedia":[{"embeddable":true,"href":"https:\/\/nis.wordcamp.org\/2019\/wp-json\/wp\/v2\/media\/738"}],"wp:attachment":[{"href":"https:\/\/nis.wordcamp.org\/2019\/wp-json\/wp\/v2\/media?parent=737"}],"curies":[{"name":"wp","href":"https:\/\/api.w.org\/{rel}","templated":true}]}}